 - 476 = -5*l. What is the highest common divisor of l and 240?
48
Suppose 4*x = 5*y + 42, -x + 34 = x + 4*y. Suppose -4*v - 82 = -2*u + 120, 0 = -3*v - 15. Calculate the highest common divisor of x and u.
13
Suppose -5*h + 25 = 10, d + 25 = 3*h. Suppose 3*u = 9, 4*u - 13 = 4*o - 3*o. Let s be d*o/2*5. Calculate the highest common divisor of s and 8.
8
Suppose 38 = 13*c - 66. Suppose -2*k + 0 = -4. What is the highest common divisor of k and c?
2
Let b = 1565 + -1548. Calculate the greatest common divisor of 731 and b.
17
Suppose 8*l + 32 = 24*l. Suppose l*a + 0*a = 56. Calculate the highest common divisor of 70 and a.
14
Let a be (-39 - -45) + (38 - -1). What is the highest common divisor of a and 5?
5
Let i = 3373 - 3282. Let z be (-2)/(-7) - 178/(-14). Calculate the highest common divisor of z and i.
13
Suppose -2879*y + 189 = -2858*y. Let m(p) = -p**3 + 6*p**2 + 2*p + 1. Let z be m(5). What is the highest common factor of z and y?
9
Let p(c) = 151*c - 5. Let v be p(2). What is the greatest common factor of 22 and v?
11
Let c(t) = -t + 6. Let r = 13 + -14. Let d(f) = -1. Let z(a) = r*d(a) - c(a). Let l be z(12). Calculate the highest common divisor of 14 and l.
7
Suppose -3770 = -3*u - 4*r, -2*u + 2419 = -3*r - 66. What is the greatest common factor of 50 and u?
50
Suppose -d + 48 - 48 = 0. Suppose d = -3*x - 12 + 75. What is the highest common factor of x and 189?
21
Suppose 5*r + 27 = 5*s + 4*r, 3*s + 2*r = 11. Suppose 5*d = -s*b + 150, 3*d = -5*b + 57 + 35. What is the highest common factor of d and 58?
29
Let g(u) = 3*u**2 - 11 - u**2 + 7*u + 4 + u**2. Let l be g(-4). Calculate the highest common factor of l and 65.
13
Suppose -5*j = -4*u + 28, 0*j - 2*j = 4*u - 56. Let z be -2 - (-2)/2*-10. Let g = z + 24. Calculate the highest common factor of u and g.
12
Suppose -4*n - 1 = 2*y - 69, 5*y = 4*n - 54. Let j(o) = -10*o - 17*o + 4*o - o. Let k be j(-1). What is the greatest common divisor of k and n?
8
Suppose -820*x + 808*x = -312. Calculate the highest common factor of x and 299.
13
Suppose 383 = 5*o + 8. Calculate the highest common divisor of 275 and o.
25
Suppose 6*j - 14 = -j. Suppose -41 + 7 = -j*p. Calculate the highest common divisor of p and 136.
17
Suppose 0 = -p + 2*b, -p - p = b - 10. Let r be (-3)/(-6) + 278/p. Calculate the highest common divisor of r and 10.
10
Let n be ((-1520)/120)/(2/(1*-24)). Calculate the highest common divisor of 40 and n.
8
Let q(m) = 53*m**2 - 1. Let p be q(1). Calculate the highest common divisor of 78 and p.
26
Suppose 0 = -2*h - y - 343, -2*h - h - 497 = -2*y. Let a(i) = -i + 383. Let p be a(-50). Let j = p + h. What is the greatest common divisor of j and 24?
24
Let f = 298 - 23. Let s be (-1)/(1*(-3)/9). Suppose -100 = s*x - 7*x. Calculate the highest common factor of x and f.
25
Suppose -3*l + 3 = 2*o, -5*o + 0 + 21 = 3*l. Let x(q) = 2*q**2 - 9*q + 6. Let a be x(o). What is the greatest common divisor of 3 and a?
3
Let u be ((-280)/2)/(-7) - -3 - -6. Calculate the highest common divisor of 841 and u.
29
Let b(s) = 15*s**2 + 7*s - 11. Let a be b(-7). Suppose 3*m - 2*m + 3*r - 139 = 0, -5*m + a = -5*r. Calculate the greatest common divisor of 34 and m.
34
Let c be 9 + -2 + (1 - 3) - -41. What is the greatest common divisor of c and 575?
23
Let g = -7 - -17. Suppose -j + g = -16. Suppose -9 = -4*q + 4*a + 23, j = q + 5*a. What is the greatest common divisor of q and 99?
11
Let z = -69 - -72. Let l(m) = m + 5. Let b be l(4). What is the greatest common factor of z and b?
3
Let k(v) = v**2 - 4. Let f be k(-3). Let t = -48 + 51. Suppose t*g + 180 = f*g. Calculate the highest common factor of g and 9.
9
Let a = 44 + -14. Let x be (12/18 - (-1)/3) + 9. What is the greatest common factor of x and a?
10
Let y(h) = 2*h**2 + h - 1. Let d be y(-2). Suppose 29 = 2*t + d. What is the greatest common factor of t and 8?
4
Suppose 0 = -0*m - 2*m - 2. Let x be ((-9)/18)/(m/22) + 3. What is the greatest common factor of x and 14?
14
Suppose 2 = -q + 3*x + 1, 0 = -2*q - x + 19. Suppose -99 = -q*w - 35. Calculate the highest common factor of 24 and w.
8
Let f be 48/22 + -2 + 4255/253. Suppose 0 = -z + 38 + 132. What is the highest common divisor of f and z?
17
Suppose 0 = -13*o + 8*o + 40. Calculate the highest common divisor of 104 and o.
8
Suppose 2*d = 5*x + 95, -4*d + 3*x = 8*x - 175. Calculate the greatest common factor of d and 225.
45
Let z = -494 + 508. Calculate the highest common divisor of z and 182.
14
Let p be (13/(-2))/((-1)/18). Suppose -2*o + 5*j + 46 = 0, 4*o + 2*j + 127 - 171 = 0. What is the greatest common factor of o and p?
13
Suppose 0 = -174*r + 181*r - 455. What is the highest common factor of r and 26?
13
Let a(y) = 21*y**3 - 13*y**2 + 16*y + 2. Let q be a(2). Calculate the greatest common divisor of 24 and q.
6
Let y(v) = 61*v - 183. Let q be y(16). What is the highest common factor of 61 and q?
61
Suppose -h = -3*h - 84. Let s = -31 - h. Calculate the greatest common factor of s and 55.
11
Suppose -4*l = -0*l. Let i(v) = -v**2 - v + 19. Let w be i(l). What is the greatest common divisor of 209 and w?
19
Suppose -20*p + 2741 - 981 = 0. Calculate the highest common factor of 330 and p.
22
Let g be ((-18)/4)/(((-26)/92)/13). Calculate the greatest common factor of g and 46.
23
Let m be (-4)/(-14) + (-9176)/(-28). Let j = 482 - m. What is the greatest common divisor of j and 14?
14
Let f(w) = -3*w + 22*w**2 - 2*w + 5 + 1. Let s be -28 - -28 - (1 + -3). Let v be f(s). Calculate the greatest common factor of v and 12.
12
Suppose -88*z = -78*z - 1350. What is the greatest common divisor of 75 and z?
15
Let j = 56 - 51. Suppose -85 = -3*f + j*z, -5*f + 0*z = -2*z - 110. Calculate the greatest common factor of 100 and f.
20
Suppose -5 - 29 = b. Let r = 47 + b. Suppose 14*t + 585 = 19*t. What is the greatest common factor of t and r?
13
Let s be 4 - (16/(-4))/(-4). Suppose i - s = 7. What is the greatest common divisor of 90 and i?
10
Suppose -4*h + 10 = -2*h. Let d be -4*(-11)/4*h. Suppose -4*v + 2*l - 7 = -37, -5*v - l + 20 = 0. Calculate the highest common divisor of v and d.
5
Let y(w) be the second derivative of 7*w**4/6 - 7*w**2 - 23*w. Let v be y(-5). Calculate the highest common factor of v and 48.
48
Let r = -161 - -261. Suppose r = 7*l - 2*l. What is the highest common factor of 180 and l?
20
Suppose -3*c = 2*t + 4 + 1, 4*c = -5*t - 9. Let z be c - -1 - (1 + 1) - -7. What is the greatest common divisor of z and 20?
5
Let g be (-1 - -9)*6/8. Let w be g/(-4) + (-1339)/(-26). What is the greatest common divisor of 125 and w?
25
Suppose 8 = 2*r - 16. Suppose -15*p + 144 = -r*p. Suppose 0 = -3*o + 4*d + 76, -o = 2*d + 2 - 44. What is the highest common factor of p and o?
16
Suppose -11*j + 74 = -12*j. Let a = -4 - j. Let l(s) = s + 18. Let n be l(-8). What is the highest common divisor of n and a?
10
Suppose 2*o - 6 = -0. Suppose 11 + 1 = o*l. Calculate the highest common factor of 10 and l.
2
Let g = -87 - -108. What is the highest common factor of 21 and g?
21
Let t(w) = 79*w - 73. Let d be t(2). Calculate the highest common divisor of 68 and d.
17
Let g(i) = 18*i - 6. Let m be (-117)/(-26) + (2/(-4))/1. Let v be g(m). What is the highest common divisor of v and 33?
33
Suppose 4*x - 9*x + 56 = -3*x. Let d be (-2)/(-7) + 225/21. Let a = 31 + d. What is the greatest common factor of x and a?
14
Suppose 8*p + 4*i = 3*p + 871, 863 = 5*p + 2*i. What is the highest common factor of p and 38?
19
Suppose 3*l + 10 = 58. Let s(r) = r**3 + 43*r**2 - 19*r - 801. Let h be s(-43). What is the highest common factor of l and h?
16
Let n be (-2)/(-4) - 60/(-40). Let t be 2 + (-1)/1 + 4. Suppose -3*i = -y - 50 + 2, 2*i - t*y = 32. Calculate the greatest common factor of n and i.
2
Let l(f) = 5*f + 1. Let v be l(1). Let g(a) = 11*a**2 + 113*a - 58. Let i be g(-11). What is the greatest common divisor of i and v?
6
Suppose z = -2*w + 104, 5*w - 3*z - 428 + 146 = 0. Calculate the greatest common factor of w and 72.
18
Let n(l) = -l**3 + 13*l**2 + 5*l - 6. Let a be n(12). Let b = a - 48. Calculate the highest common factor of 30 and b.
30
Let m be (2/14*36)/((-10)/(-70)). What is the highest common divisor of m and 306?
18
Suppose -4*i + 14238 = 10*i. Calculate the highest common divisor of i and 9.
9
Let x